{"id":183,"date":"2025-11-03T15:04:58","date_gmt":"2025-11-03T06:04:58","guid":{"rendered":"https:\/\/web.detomo.co.jp\/?page_id=183"},"modified":"2025-12-10T23:12:11","modified_gmt":"2025-12-10T14:12:11","slug":"%e6%8e%a1%e7%94%a8","status":"publish","type":"page","link":"https:\/\/web.detomo.co.jp\/?page_id=183","title":{"rendered":"\u63a1\u7528"},"content":{"rendered":"\n<div class=\"wp-block-group\"><div class=\"wp-block-group__inner-container is-layout-constrained wp-block-group-is-layout-constrained\">\n<figure class=\"wp-block-gallery has-nested-images columns-default is-cropped wp-block-gallery-1 is-layout-flex wp-block-gallery-is-layout-flex\">\n<figure class=\"wp-block-image size-large\"><img fetchpriority=\"high\" decoding=\"async\" width=\"1024\" height=\"768\" data-id=\"198\" src=\"https:\/\/web.detomo.co.jp\/wp-content\/uploads\/2025\/11\/IMG_5090-1024x768.jpg\" alt=\"\" class=\"wp-image-198\" srcset=\"https:\/\/web.detomo.co.jp\/wp-content\/uploads\/2025\/11\/IMG_5090-1024x768.jpg 1024w, https:\/\/web.detomo.co.jp\/wp-content\/uploads\/2025\/11\/IMG_5090-300x225.jpg 300w, https:\/\/web.detomo.co.jp\/wp-content\/uploads\/2025\/11\/IMG_5090-768x576.jpg 768w, https:\/\/web.detomo.co.jp\/wp-content\/uploads\/2025\/11\/IMG_5090-1536x1152.jpg 1536w, https:\/\/web.detomo.co.jp\/wp-content\/uploads\/2025\/11\/IMG_5090-2048x1536.jpg 2048w\" sizes=\"(max-width: 1024px) 100vw, 1024px\" \/><\/figure>\n\n\n\n<figure class=\"wp-block-image size-large\"><img decoding=\"async\" width=\"1024\" height=\"768\" data-id=\"195\" src=\"https:\/\/web.detomo.co.jp\/wp-content\/uploads\/2025\/11\/484629077_1067014692108416_3950729953785932402_n-2-1024x768.jpg\" alt=\"\" class=\"wp-image-195\" srcset=\"https:\/\/web.detomo.co.jp\/wp-content\/uploads\/2025\/11\/484629077_1067014692108416_3950729953785932402_n-2-1024x768.jpg 1024w, https:\/\/web.detomo.co.jp\/wp-content\/uploads\/2025\/11\/484629077_1067014692108416_3950729953785932402_n-2-300x225.jpg 300w, https:\/\/web.detomo.co.jp\/wp-content\/uploads\/2025\/11\/484629077_1067014692108416_3950729953785932402_n-2-768x576.jpg 768w, https:\/\/web.detomo.co.jp\/wp-content\/uploads\/2025\/11\/484629077_1067014692108416_3950729953785932402_n-2-1536x1152.jpg 1536w, https:\/\/web.detomo.co.jp\/wp-content\/uploads\/2025\/11\/484629077_1067014692108416_3950729953785932402_n-2.jpg 2048w\" sizes=\"(max-width: 1024px) 100vw, 1024px\" \/><\/figure>\n<\/figure>\n<\/div><\/div>\n\n\n\n<div style=\"height:34px\" aria-hidden=\"true\" class=\"wp-block-spacer\"><\/div>\n\n\n\n<!DOCTYPE html>\n<html lang=\"ja\">\n<head>\n    <meta charset=\"UTF-8\">\n    <meta name=\"viewport\" content=\"width=device-width, initial-scale=1.0\">\n    <title>\u63a1\u7528\u60c5\u5831 \/ Th\u00f4ng tin tuy\u1ec3n d\u1ee5ng<\/title>\n    <style>\n        * {\n            margin: 0;\n            padding: 0;\n            box-sizing: border-box;\n        }\n\n        body {\n            font-family: 'Segoe UI', Tahoma, Geneva, Verdana, sans-serif;\n            line-height: 1.6;\n            color: #333;\n            background: #f5f5f5;\n            padding: 40px 20px;\n        }\n\n        .container {\n            max-width: 1250px;\n            margin: 0 auto;\n            background: white;\n            border-radius: 8px;\n            box-shadow: 0 2px 8px rgba(0, 0, 0, 0.1);\n            padding: 40px;\n        }\n\n        .lang-toggle {\n            text-align: right;\n            margin-bottom: 30px;\n            padding-bottom: 20px;\n            border-bottom: 1px solid #e0e0e0;\n        }\n\n        .lang-btn {\n            background: white;\n            color: #333;\n            border: 1px solid #ddd;\n            padding: 8px 20px;\n            margin: 0 5px;\n            border-radius: 4px;\n            cursor: pointer;\n            font-weight: 500;\n            transition: all 0.2s ease;\n        }\n\n        .lang-btn:hover {\n            background: #f8f8f8;\n            border-color: #333;\n        }\n\n        .lang-btn.active {\n            background: #333;\n            color: white;\n            border-color: #333;\n        }\n\n        .content {\n            padding: 0;\n        }\n\n        .section {\n            margin-bottom: 35px;\n        }\n\n        .section-title {\n            font-size: 1.6em;\n            color: #2c3e50;\n            margin-bottom: 15px;\n            padding-bottom: 8px;\n            border-bottom: 2px solid #2c3e50;\n            font-weight: 600;\n        }\n\n        .section-content {\n            font-size: 1em;\n            line-height: 1.8;\n            color: #555;\n        }\n\n        .intro-section {\n            padding: 0 0 30px 0;\n            margin-bottom: 40px;\n            border-bottom: 2px solid #e0e0e0;\n        }\n\n        .intro-section h1 {\n            font-size: 1.8em;\n            margin-bottom: 20px;\n            font-weight: 600;\n            color: #2c3e50;\n        }\n\n        .intro-section p {\n            font-size: 1em;\n            line-height: 1.8;\n            margin-bottom: 12px;\n            color: #555;\n            text-align: justify;\n        }\n\n        ul {\n            margin-left: 20px;\n            margin-top: 10px;\n        }\n\n        li {\n            margin-bottom: 12px;\n        }\n\n        .subsection {\n            margin-left: 20px;\n            margin-top: 10px;\n        }\n\n        .highlight {\n            background: #f9f9f9;\n            padding: 15px;\n            border-radius: 4px;\n            margin: 10px 0;\n            border-left: 3px solid #2c3e50;\n        }\n\n        .contact-info {\n            background: #f9f9f9;\n            color: #333;\n            padding: 20px;\n            border-radius: 4px;\n            text-align: center;\n            border: 1px solid #e0e0e0;\n        }\n\n        .contact-info a {\n            color: #2c3e50;\n            text-decoration: none;\n            font-weight: 600;\n            border-bottom: 1px solid #2c3e50;\n        }\n\n        .contact-info a:hover {\n            color: #34495e;\n            border-bottom-color: #34495e;\n        }\n\n        .hidden {\n            display: none;\n        }\n\n        .emoji {\n            font-size: 1.2em;\n        }\n\n        @media (max-width: 768px) {\n            .container {\n                padding: 20px;\n            }\n\n            .section-title {\n                font-size: 1.4em;\n            }\n\n            .intro-section h1 {\n                font-size: 1.5em;\n            }\n\n            .intro-section p {\n                font-size: 1em;\n            }\n\n            .lang-toggle {\n                text-align: center;\n            }\n        }\n    <\/style>\n<\/head>\n<body>\n    <div class=\"container\">\n        <div class=\"lang-toggle\">\n            <button class=\"lang-btn active\" onclick=\"switchLanguage('ja')\" id=\"btn-ja\">\u65e5\u672c\u8a9e (JP)<\/button>\n            <button class=\"lang-btn\" onclick=\"switchLanguage('vi')\" id=\"btn-vi\">Ti\u1ebfng Vi\u1ec7t (VI)<\/button>\n        <\/div>\n\n        <div class=\"content\">\n            <!-- Japanese Content -->\n            <div id=\"content-ja\" class=\"lang-content\">\n                <div class=\"intro-section\">\n                    <h1>\u30b0\u30ed\u30fc\u30d0\u30eb\u306b\u6d3b\u8e8d\u3057\u305f\u3044IT\u4eba\u6750\u3092\u6c42\u3081\u3066\u3044\u307e\u3059<\/h1>\n                    <p>\u65e5\u672c\u3068\u30d9\u30c8\u30ca\u30e0\u306e\u61f8\u3051\u6a4b\u3068\u306a\u308b\u3079\u304f\u3001\u30d9\u30c8\u30ca\u30e0\u51fa\u8eab\u8005\u306f\u3082\u3068\u3088\u308a\u3001\u65e5\u672c\u4eba\u306e\u30a8\u30f3\u30b8\u30cb\u30a2\u3082\u5e83\u304f\u52df\u3063\u3066\u3044\u307e\u3059\u3002<\/p>\n                    <p>IT\u306e\u57fa\u672c\u7684\u306a\u77e5\u8b58\u3084\u30b9\u30ad\u30eb\u3092\u6709\u3057\u3066\u3044\u308b\u3053\u3068\u3001\u30af\u30e9\u30a4\u30a2\u30f3\u30c8\u3084\u30d1\u30fc\u30c8\u30ca\u30fc\u3068\u826f\u597d\u306a\u30b3\u30df\u30e5\u30cb\u30b1\u30fc\u30b7\u30e7\u30f3\u304c\u3068\u308c\u308b\u3053\u3068\u3001\u307e\u305f\u3001\u5f53\u793e\u306e\u5834\u5408\u3001\u958b\u767a\u306e\u591a\u304f\u306f\u30d9\u30c8\u30ca\u30e0\u306b\u4efb\u305b\u3066\u3044\u307e\u3059\u306e\u3067\u3001\u65e5\u672c\u306e\u30aa\u30d5\u30a3\u30b9\u3067\u6d3b\u8e8d\u3059\u308b\u4eba\u6750\u306b\u306f\u30d7\u30ed\u30b8\u30a7\u30af\u30c8\u30de\u30cd\u30b8\u30e1\u30f3\u30c8\u529b\u3092\u6c42\u3081\u3066\u3044\u307e\u3059\u3002<\/p>\n                    <p>\u30b0\u30ed\u30fc\u30d0\u30eb\u6848\u4ef6\u3082\u6570\u591a\u304f\u53d7\u6ce8\u3057\u3066\u3044\u307e\u3059\u304b\u3089\u82f1\u8a9e\u529b\u306b\u9577\u3051\u305f\u4eba\u6750\u3082\u5927\u6b53\u8fce\u3002\u591a\u304f\u306e\u65b9\u3005\u306e\u3054\u5fdc\u52df\u3092\u304a\u5f85\u3061\u3057\u3066\u3044\u307e\u3059\u3002<\/p>\n                <\/div>\n\n                <div class=\"section\">\n                    <h2 class=\"section-title\">\u5fdc\u52df\u6761\u4ef6<\/h2>\n                    <div class=\"section-content\">\n                        <ul>\n                            <li>\u65e5\u672c\u8a9e\u80fd\u529bN2\u4ee5\u4e0a<\/li>\n                            <li>\u4ee5\u4e0b\u306e\u3044\u305a\u308c\u304b\u306b\u81ea\u4fe1\u3092\u304a\u6301\u3061\u306e\u65b9\n                                <div class=\"subsection\">\n                                    <ol>\n                                        <li>\u30bd\u30ea\u30e5\u30fc\u30b7\u30e7\u30f3\u30a2\u30fc\u30ad\u30c6\u30af\u30c1\u30e3\u306b\u7cbe\u901a\u3057\u3066\u3044\u308b<\/li>\n                                        <li>Java\u3001PHP\u3001NodeJS\u3001Flutter\u7b49\u306e\u30d7\u30ed\u30b0\u30e9\u30df\u30f3\u30b0\u8a00\u8a9e\u306b\u7cbe\u901a\u3057\u3066\u3044\u308b<\/li>\n                                        <li>\u30af\u30e9\u30a6\u30c9\u30a8\u30f3\u30b8\u30cb\u30a2\u30ea\u30f3\u30b0\u306b\u7cbe\u901a\u3057\u3066\u3044\u308b<\/li>\n                                        <li>\u9ad8\u30ec\u30d9\u30eb\u306eBSE\u7d4c\u9a13\u307e\u305f\u306fPM\u7d4c\u9a13\u304c\u3042\u308b<\/li>\n                                    <\/ol>\n                                <\/div>\n                            <\/li>\n                            <li>\u5e38\u306b\u5411\u4e0a\u5fc3\u3092\u6301\u3061\u3001\u30c1\u30fc\u30e0\u30ef\u30fc\u30af\u3092\u5927\u5207\u306b\u3067\u304d\u308b\u65b9<\/li>\n                        <\/ul>\n                    <\/div>\n                <\/div>\n\n                <div class=\"section\">\n                    <h2 class=\"section-title\">\u4f1a\u793e\u306b\u3064\u3044\u3066<\/h2>\n                    <div class=\"section-content\">\n                        <ul>\n                            <li>\u30b3\u30f3\u30b5\u30eb\u30c6\u30a3\u30f3\u30b0\u304b\u3089\u8981\u4ef6\u5b9a\u7fa9\u307e\u3067\u3001\u304a\u5ba2\u69d8\u3068\u76f4\u63a5\u53d6\u308a\u7d44\u3093\u3067\u3044\u307e\u3059<\/li>\n                            <li>\u3084\u308a\u304c\u3044\u306e\u3042\u308b\u4ed5\u4e8b\u74b0\u5883\u3067\u3001\u7d4c\u9a13\u8c4a\u5bcc\u306a\u30c1\u30fc\u30e0\u30e1\u30f3\u30d0\u30fc\u306e\u30b5\u30dd\u30fc\u30c8\u3092\u53d7\u3051\u3089\u308c\u307e\u3059<\/li>\n                            <li>\u30d7\u30ed\u30d5\u30a7\u30c3\u30b7\u30e7\u30ca\u30ea\u30ba\u30e0\u3092\u91cd\u8996\u3057\u3064\u3064\u3001\u660e\u308b\u304f\u89aa\u3057\u307f\u3084\u3059\u3044\u8077\u5834\u74b0\u5883\u3067\u3059<\/li>\n                        <\/ul>\n                    <\/div>\n                <\/div>\n\n                <div class=\"section\">\n                    <h2 class=\"section-title\">\u5f85\u9047<\/h2>\n                    <div class=\"section-content\">\n                        <div class=\"highlight\">\n                            <ul>\n                                <li>\u80fd\u529b\u3068\u8077\u4f4d\u306b\u5fdc\u3058\u305f\u7af6\u4e89\u529b\u306e\u3042\u308b\u7d66\u4e0e\u30fb\u8cde\u4e0e\uff08\u5e74\u53ce500\u4e07\u5186\u301c700\u4e07\u5186\uff09<\/li>\n                                <li>\u6cd5\u5b9a\u901a\u308a\u306e\u793e\u4f1a\u4fdd\u967a\u30fb\u6709\u7d66\u4f11\u6687\u306a\u3069\u5b8c\u5099<\/li>\n                                <li>\u6bce\u6708\u306e\u793e\u5185\u7814\u4fee\u3001\u30c1\u30fc\u30e0\u30d3\u30eb\u30c7\u30a3\u30f3\u30b0\u6d3b\u52d5\u3001\u793e\u54e1\u65c5\u884c\u306a\u3069\u5145\u5b9f<br>\n                                    <span class=\"emoji\">\ud83d\ude0a<\/span> \u3061\u306a\u307f\u306b\u3001\u5275\u696d\u5f53\u521d\u306f5\u4eba\u3067\u3057\u305f\u304c\u3001\u793e\u54e1\u65c5\u884c\u306b\u306f26\u4eba\u3082\u53c2\u52a0\u3057\u307e\u3057\u305f\uff01\n                                <\/li>\n                            <\/ul>\n                        <\/div>\n                    <\/div>\n                <\/div>\n\n                <div class=\"section\">\n                    <h2 class=\"section-title\">\u304a\u554f\u3044\u5408\u308f\u305b<\/h2>\n                    <div class=\"contact-info\">\n                        <p>\u5c65\u6b74\u66f8\u3092 <a href=\"mailto:recruit@detomo.co.jp\">recruit@detomo.co.jp<\/a> \u307e\u3067\u9001\u4fe1\u3001\u307e\u305f\u306f <a href=\"https:\/\/www.facebook.com\/detomo.co.jp\" target=\"_blank\">Facebook<\/a> \u3067\u30e1\u30c3\u30bb\u30fc\u30b8\u3092\u304a\u9001\u308a\u304f\u3060\u3055\u3044\u3002<\/p>\n                    <\/div>\n                <\/div>\n            <\/div>\n\n            <!-- Vietnamese Content -->\n            <div id=\"content-vi\" class=\"lang-content hidden\">\n                <div class=\"intro-section\">\n                    <h1>T\u00ecm ki\u1ebfm nh\u00e2n t\u00e0i IT mu\u1ed1n ho\u1ea1t \u0111\u1ed9ng to\u00e0n c\u1ea7u<\/h1>\n                    <p>V\u1edbi m\u1ee5c ti\u00eau tr\u1edf th\u00e0nh c\u1ea7u n\u1ed1i gi\u1eefa Nh\u1eadt B\u1ea3n v\u00e0 Vi\u1ec7t Nam, ch\u00fang t\u00f4i tuy\u1ec3n d\u1ee5ng r\u1ed9ng r\u00e3i kh\u00f4ng ch\u1ec9 ng\u01b0\u1eddi Vi\u1ec7t Nam m\u00e0 c\u1ea3 k\u1ef9 s\u01b0 ng\u01b0\u1eddi Nh\u1eadt.<\/p>\n                    <p>Ch\u00fang t\u00f4i y\u00eau c\u1ea7u \u1ee9ng vi\u00ean c\u00f3 ki\u1ebfn th\u1ee9c v\u00e0 k\u1ef9 n\u0103ng c\u01a1 b\u1ea3n v\u1ec1 IT, c\u00f3 kh\u1ea3 n\u0103ng giao ti\u1ebfp t\u1ed1t v\u1edbi kh\u00e1ch h\u00e0ng v\u00e0 \u0111\u1ed1i t\u00e1c. H\u01a1n n\u1eefa, do ph\u1ea7n l\u1edbn c\u00f4ng vi\u1ec7c ph\u00e1t tri\u1ec3n \u0111\u01b0\u1ee3c giao cho Vi\u1ec7t Nam, ch\u00fang t\u00f4i y\u00eau c\u1ea7u nh\u00e2n t\u00e0i ho\u1ea1t \u0111\u1ed9ng t\u1ea1i v\u0103n ph\u00f2ng Nh\u1eadt B\u1ea3n ph\u1ea3i c\u00f3 n\u0103ng l\u1ef1c qu\u1ea3n l\u00fd d\u1ef1 \u00e1n.<\/p>\n                    <p>Ch\u00fang t\u00f4i c\u0169ng nh\u1eadn \u0111\u01b0\u1ee3c nhi\u1ec1u d\u1ef1 \u00e1n to\u00e0n c\u1ea7u n\u00ean r\u1ea5t hoan ngh\u00eanh nh\u1eefng ng\u01b0\u1eddi c\u00f3 n\u0103ng l\u1ef1c ti\u1ebfng Anh t\u1ed1t. Ch\u00fang t\u00f4i mong \u0111\u1ee3i s\u1ef1 \u1ee9ng tuy\u1ec3n c\u1ee7a c\u00e1c b\u1ea1n.<\/p>\n                <\/div>\n\n                <div class=\"section\">\n                    <h2 class=\"section-title\">Y\u00eau c\u1ea7u<\/h2>\n                    <div class=\"section-content\">\n                        <ul>\n                            <li>Ti\u1ebfng Nh\u1eadt t\u01b0\u01a1ng \u0111\u01b0\u01a1ng N2+<\/li>\n                            <li>C\u00f3 t\u1ef1 tin v\u1ec1 m\u1ed9t trong nh\u1eefng \u0111i\u1ec3m sau:\n                                <div class=\"subsection\">\n                                    <ol>\n                                        <li>Chuy\u00ean s\u00e2u v\u1ec1 solution architecture<\/li>\n                                        <li>Chuy\u00ean s\u00e2u v\u1ec1 1 ng\u00f4n ng\u1eef l\u1eadp tr\u00ecnh nh\u01b0 Java, PHP, NodeJS, Flutter, Python,&#8230;<\/li>\n                                        <li>Chuy\u00ean s\u00e2u v\u1ec1 m\u1ea3ng Cloud Engineering<\/li>\n                                        <li>C\u00f3 kinh nghi\u1ec7m l\u00e0m BSE level cao ho\u1eb7c PM<\/li>\n                                    <\/ol>\n                                <\/div>\n                            <\/li>\n                            <li>Lu\u00f4n c\u00f3 \u00fd th\u1ee9c v\u01b0\u01a1n l\u00ean, v\u00e0 c\u00f3 tinh th\u1ea7n l\u00e0m vi\u1ec7c team-work<\/li>\n                        <\/ul>\n                    <\/div>\n                <\/div>\n\n                <div class=\"section\">\n                    <h2 class=\"section-title\">C\u00f4ng ty<\/h2>\n                    <div class=\"section-content\">\n                        <ul>\n                            <li>C\u00f4ng ty t\u1eadp trung l\u00e0m t\u1eeb consulting\/ \u8981\u4ef6\u5b9a\u7fa9 tr\u1ef1c ti\u1ebfp v\u1edbi kh\u00e1ch h\u00e0ng<\/li>\n                            <li>C\u00f4ng vi\u1ec7c th\u1eed th\u00e1ch nh\u01b0ng lu\u00f4n \u0111\u01b0\u1ee3c s\u1ef1 support c\u1ee7a team member c\u00f3 kinh nghi\u1ec7m l\u00e2u n\u0103m trong ng\u00e0nh<\/li>\n                            <li>C\u00f4ng ty \u0111\u1ec1 cao s\u1ef1 chuy\u00ean nghi\u1ec7p nh\u01b0ng c\u00f3 m\u00f4i tr\u01b0\u1eddng l\u00e0m vi\u1ec7c vui v\u1ebb th\u00e2n thi\u1ec7n<\/li>\n                        <\/ul>\n                    <\/div>\n                <\/div>\n\n                <div class=\"section\">\n                    <h2 class=\"section-title\">\u0110\u00e3i ng\u1ed9<\/h2>\n                    <div class=\"section-content\">\n                        <div class=\"highlight\">\n                            <ul>\n                                <li>L\u01b0\u01a1ng th\u01b0\u1edfng c\u1ea1nh tranh t\u00f9y n\u0103ng l\u1ef1c v\u00e0 v\u1ecb tr\u00ed (m\u1ee9c l\u01b0\u01a1ng 500-700 man)<\/li>\n                                <li>C\u00e1c ch\u1ebf \u0111\u1ed9 \u0111\u00e3i ng\u1ed9 nh\u01b0 b\u1ea3o hi\u1ec3m\/ ng\u00e0y ngh\u1ec9 theo lu\u1eadt \u0111\u1ecbnh<\/li>\n                                <li>C\u00e1c ho\u1ea1t \u0111\u1ed9ng team building, \u0111\u00e0o t\u1ea1o n\u1ed9i b\u1ed9 h\u00e0ng th\u00e1ng, du l\u1ecbch c\u00f4ng ty&#8230;<br>\n                                    <span class=\"emoji\">\ud83d\ude00<\/span> (qu\u1ea3ng c\u00e1o t\u00ed, l\u00fac c\u00f4ng ty m\u1edbi th\u00e0nh l\u1eadp c\u00f3 5 ng\u01b0\u1eddi nh\u01b0ng \u0111i du l\u1ecbch \u0111\u1ebfm ra \u0111\u01b0\u1ee3c 26 ng\u01b0\u1eddi l\u1eadn)\n                                <\/li>\n                            <\/ul>\n                        <\/div>\n                    <\/div>\n                <\/div>\n\n                <div class=\"section\">\n                    <h2 class=\"section-title\">Li\u00ean h\u1ec7<\/h2>\n                    <div class=\"contact-info\">\n                        <p>G\u1eedi h\u1ed3 s\u01a1 t\u1edbi email <a href=\"mailto:recruit@detomo.co.jp\">recruit@detomo.co.jp<\/a> ho\u1eb7c nh\u1eafn tin tr\u00ean <a href=\"https:\/\/www.facebook.com\/detomo.co.jp\" target=\"_blank\">Facebook<\/a><\/p>\n                    <\/div>\n                <\/div>\n            <\/div>\n        <\/div>\n    <\/div>\n\n    <script>\n        function switchLanguage(lang) {\n            \/\/ Hide all language content\n            const contents = document.querySelectorAll('.lang-content');\n            contents.forEach(content => {\n                content.classList.add('hidden');\n            });\n\n            \/\/ Show selected language content\n            document.getElementById('content-' + lang).classList.remove('hidden');\n\n            \/\/ Update button states\n            const buttons = document.querySelectorAll('.lang-btn');\n            buttons.forEach(btn => {\n                btn.classList.remove('active');\n            });\n            document.getElementById('btn-' + lang).classList.add('active');\n\n            \/\/ Update page language attribute\n            document.documentElement.lang = lang;\n        }\n    <\/script>\n<\/body>\n<\/html>\n","protected":false},"excerpt":{"rendered":"<p>\u63a1\u7528\u60c5\u5831 \/ Th\u00f4ng tin tuy\u1ec3n d\u1ee5ng \u65e5\u672c\u8a9e (JP) Ti\u1ebfng Vi\u1ec7t (VI) \u30b0\u30ed\u30fc\u30d0\u30eb\u306b\u6d3b\u8e8d\u3057\u305f\u3044IT\u4eba\u6750\u3092\u6c42\u3081\u3066\u3044\u307e\u3059 \u65e5\u672c\u3068\u30d9\u30c8\u30ca\u30e0\u306e\u61f8\u3051\u6a4b\u3068\u306a\u308b\u3079\u304f\u3001\u30d9\u30c8\u30ca\u30e0\u51fa\u8eab\u8005\u306f\u3082\u3068\u3088\u308a\u3001\u65e5\u672c\u4eba\u306e [&hellip;]<\/p>\n","protected":false},"author":1,"featured_media":0,"parent":0,"menu_order":0,"comment_status":"closed","ping_status":"closed","template":"","meta":{"footnotes":""},"class_list":["post-183","page","type-page","status-publish","hentry"],"blog_post_layout_featured_media_urls":{"thumbnail":"","full":""},"categories_names":null,"comments_number":"0","_links":{"self":[{"href":"https:\/\/web.detomo.co.jp\/index.php?rest_route=\/wp\/v2\/pages\/183","targetHints":{"allow":["GET"]}}],"collection":[{"href":"https:\/\/web.detomo.co.jp\/index.php?rest_route=\/wp\/v2\/pages"}],"about":[{"href":"https:\/\/web.detomo.co.jp\/index.php?rest_route=\/wp\/v2\/types\/page"}],"author":[{"embeddable":true,"href":"https:\/\/web.detomo.co.jp\/index.php?rest_route=\/wp\/v2\/users\/1"}],"replies":[{"embeddable":true,"href":"https:\/\/web.detomo.co.jp\/index.php?rest_route=%2Fwp%2Fv2%2Fcomments&post=183"}],"version-history":[{"count":16,"href":"https:\/\/web.detomo.co.jp\/index.php?rest_route=\/wp\/v2\/pages\/183\/revisions"}],"predecessor-version":[{"id":449,"href":"https:\/\/web.detomo.co.jp\/index.php?rest_route=\/wp\/v2\/pages\/183\/revisions\/449"}],"wp:attachment":[{"href":"https:\/\/web.detomo.co.jp\/index.php?rest_route=%2Fwp%2Fv2%2Fmedia&parent=183"}],"curies":[{"name":"wp","href":"https:\/\/api.w.org\/{rel}","templated":true}]}}